5, 631
Suppose 534 = -y + t + t, 4*t = 0. Let h = -306 - y. What are the prime factors of h?
2, 3, 19
Let x(a) = 315*a**3 - a**2 - 2*a. List the prime factors of x(4).
2, 3, 839
Let h = -14 - -19. Suppose -4*f = -h*b + b + 164, b = 5*f + 193. Let p = f - -81. What are the prime factors of p?
43
Let p = 55 - 29. Let u = p - 26. Suppose -q + 21 = -u*q. What are the prime factors of q?
3, 7
Let k = 44 + -50. Let r be 28*(-590)/(-120) + 4/k. Let l = r + -133. What are the prime factors of l?
2
Let x(p) = -p + 6. Let y be x(1). Suppose -y*r - 30 = -4*d + d, -3*r - 14 = -d. List the prime factors of -42*(r/(-4))/((-1)/6).
3, 7
Let f(r) = 39*r**3 - 16*r**2 - 60*r + 395. List the prime factors of f(7).
2, 1571
Suppose -3*t - 27*m + 6*m = -233148, 0 = 4*t + 5*m - 310749. List the prime factors of t.
77681
Let t = -20015 - -34829. What are the prime factors of t?
2, 3, 823
Let w(k) = 2*k**2 + 2*k + 51. Let a be w(-10). Let f = a + -119. What are the prime factors of f?
2, 7
Let q = 74511 - 42957. What are the prime factors of q?
2, 3, 1753
Let i = -245 - -835. Suppose -2*j - 3*z = -i, j + 3*z - 281 = -2*z. List the prime factors of j.
7, 43
Suppose 7*s - 35 - 14 = 0. Suppose 3*y = 3*g - 3039, 3*g + 2*y - s*y = 3033. List the prime factors of g.
2, 127
Suppose m - 3*h = 10058, 3*h - 7357 = -2*m + 12759. What are the prime factors of m?
2, 47, 107
Suppose 2*x - 5 = 3*x, -2*x = m + 1. Let w = m + -10. What are the prime factors of (w/(-3))/(21/693)?
11
What are the prime factors of (8/(-3) - -1) + (34 - (-1004550)/90)?
2, 29, 193
Suppose -5*w + 19 = 2*y, 5*w - 2*w - 2*y = 21. Suppose 5*t = -w*h + 259 + 2756, 5*h - 3015 = 2*t. List the prime factors of h.
3, 67
Let y(q) = 2*q**2 - q + 19. Let m be y(20). Let d = m - 552. Let k = d - 90. What are the prime factors of k?
157
Let f(t) = t**2 + 11*t + 12. Let a be f(-12). Let q be (1*22)/(a/24). Let g = q - 13. What are the prime factors of g?
3
Let q = 187 - 184. Suppose 5*t - 5*k + 9*k = 180, q*k = -t + 25. What are the prime factors of t?
2, 5
Let n = 1035 + -229. Suppose 0 = g - 5*m - 211, -2*m - n = -4*g - m. What are the prime factors of g?
3, 67
Let h = -3 - -2. Let y(m) = 37*m**2 - 3*m**2 + 1745*m - 2 + 2 - 1743*m. List the prime factors of y(h).
2
Let v(s) = 229*s**2 + 47*s - 12. Let g be v(9). Suppose 6*t = -24*t + g. What are the prime factors of t?
2, 79
Suppose -60*d + 225029 = d. List the prime factors of d.
7, 17, 31
Suppose 0 = -j + 305 - 296. List the prime factors of ((-2)/(-8)*j)/((-12)/(-144)).
3
Suppose 0*x = x - 7. Suppose 8*i - 3 = x*i. Suppose 3*h - 3*q - 336 = 0, i*h - 4*q - 188 - 146 = 0. List the prime factors of h.
2, 3, 19
Let w(h) = 12*h - 78. Let r be w(7). Suppose -2265 - 603 = -r*m. What are the prime factors of m?
2, 239
Let p = 12 - 9. Suppose 3*s + 69 = p*k, -4*s - 12 = -s. Let f = k + 68. List the prime factors of f.
3, 29
Let q(b) = 52*b**3 - 13*b**2 + 9*b - 24. Let h be q(9). Suppose -h = -38*w + 20430. List the prime factors of w.
3, 503
Let n = -12506 + 18879. What are the prime factors of n?
6373
Suppose 0 = -5*n - 4*p - 4808, -4*n + 327 - 4175 = 4*p. Let s = n - -2036. What are the prime factors of s?
2, 269
Let m be (102/(-24) - -4)/((-2)/8). Let a be ((-14)/10)/(3/(-15)). Let q = a - m. List the prime factors of q.
2, 3
Let b = 395 + -135. Suppose -260 = v - 5*v - 3*i, b = 4*v - 3*i. Suppose -2*s + 151 = -v. List the prime factors of s.
2, 3
Let o = -118 + 128. What are the prime factors of ((-20)/3)/(-1)*204/o?
2, 17
Let g(q) = -32517*q**3 + 6*q**2 + 10*q + 4. What are the prime factors of g(-1)?
3, 3613
Suppose -6*r = -2*r - 16*r + 211968. What are the prime factors of r?
2, 3, 23
Suppose 3*t - l = -12 + 57, 0 = 2*l. Let c(g) = 9*g - 123. What are the prime factors of c(t)?
2, 3
Suppose 7*u - u - 8604 = 0. Suppose -227*q + u = -221*q. List the prime factors of q.
239
Let g be (0/(-3) + 15)*(-6)/(-15). Suppose -x + 25 = -g. Suppose 12 = -3*r, -b = -2*b - 4*r + x. What are the prime factors of b?
47
Let n = 12 - 12. Suppose n = -4*j + 3*d - 1 + 20, -4*j - 5*d + 11 = 0. Suppose -504 = -j*v - 5*p, -38 + 164 = v - p. What are the prime factors of v?
2, 3, 7
Let r(q) = q**3 + 8*q**2 - 18*q + 28. Let p be r(-10). Let w = p - -595. What are the prime factors of w?
3, 67
Let k = -1363 + 638. Let s = k - -1486. What are the prime factors of s?
761
Let z(d) = d**3 - 20*d**2 - 27*d + 11306. List the prime factors of z(0).
2, 5653
Let y = -11 - -16. Let g(o) = 3*o**3 + o**2 - 14*o + 9. Let c be g(y). Suppose 5*i = -5, 0 = 2*l - 5*l - 3*i + c. What are the prime factors of l?
2, 3, 19
What are the prime factors of 526300/35 + (-120)/(-140)?
2, 73, 103
Let r be ((-5)/(75/(-6228)))/((-6)/(-20)). Suppose -r = -7*q + 821. Suppose 9*o + 0*o = q. List the prime factors of o.
5, 7
Suppose 22*f - 38281 = 2*f + 35159. What are the prime factors of f?
2, 3, 17
Suppose -4*j = -u - 6 - 8, 4*u = 4*j - 8. Let w(x) = 2*x**2 + 19*x - 121. Let n be w(21). Suppose -j*s = 16, s - 346 + n = 5*l. What are the prime factors of l?
2, 3
What are the prime factors of (-50)/(5/1)*(-5939)/10?
5939
What are the prime factors of 0 + 2 + 34/(-16) + (-299863)/(-248)?
3, 13, 31
Suppose -243 = 419*x - 428*x. What are the prime factors of 9/(x/4422)*1/2?
11, 67
Suppose -1680 = -11*d - 17*d. Let r = d - -1357. What are the prime factors of r?
13, 109
Let h(c) = 20*c + 123. Let d be h(-6). Suppose 4*j - 6 = -22, d*j + 130 = 2*i. What are the prime factors of i?
59
Suppose -2*w + 20 = 3*w. Suppose 3*o + w*t - 4 = o, 2*o - 29 = t. What are the prime factors of 6*(4 - o/8)?
3, 5
Suppose 0 = -2*l + 385 + 531. Suppose q - l - 119 = 0. List the prime factors of q.
577
Suppose 6*d - 620 = -4*d. Let g = -392 + d. What are the prime factors of (5/(-3))/(5/g) + -3?
107
Let s be ((-18)/(-15))/(21/30)*7. Let o(c) = c - 27. Let k be o(s). List the prime factors of ((-5)/k)/((-1)/(-48)).
2
Let s = -4996 + 20197. List the prime factors of s.
3, 563
Suppose 2219804 = 310*q + 4952014 - 21413740. What are the prime factors of q?
7, 8609
Let u be (-26)/(-12) - 2/12. Suppose 4*q - 2*n = -0*q + 520, u*n - 528 = -4*q. Let p = q + -28. What are the prime factors of p?
103
Let v(n) be the second derivative of n**4/2 + 5*n**3/6 + 11*n**2 - 13*n + 2. List the prime factors of v(7).
3, 13
Let j(r) be the third derivative of -r**6 - r**5/60 + 24*r**2. Let g be j(1). Let y = g - -215. List the prime factors of y.
2, 47
Let s(y) be the second derivative of y**3/6 + 11*y**2/2 - 6*y. Let v be s(-5). Suppose -196 = -v*h + 2*h. What are the prime factors of h?
7
Let u(w) = 238*w**3 - 5*w**2 + 17*w + 89. What are the prime factors of u(5)?
3, 7, 11, 43
Let t = -591 + 627. What are the prime factors of (-4)/3 + 43140/t?
3, 7, 19
Let y(w) = 31*w**3 + 2*w**2 - 2*w. Let n be y(1). Let r = 1905 + n. What are the prime factors of r?
2, 11
Suppose -4*d - 2 = 3*k + 7, -2*d - 3*k = 9. Suppose d = 26*y + y - 8667. What are the prime factors of y?
3, 107
Let h be 3 - (-11 - -3 - 239). Let i = h + 107. What are the prime factors of i?
3, 7, 17
Let h = -232 - -381. Suppose -4*w + 174 = m, 5*m + h - 983 = -2*w. Suppose -4*c - 54 = -m. What are the prime factors of c?
2, 7
Suppose 13753 - 3187 = 2*f. List the prime factors of f.
3, 587
Let d(r) = -2*r**3 + 5*r**2 + 295*r + 140. List the prime factors of d(-25).
2, 5, 23, 59
Suppose -4*t + 3*t = 0. Let u = t + 204. List the prime factors of (u/20)/((-3)/(-15)).
3, 17
Suppose -503496 - 313740 = -9*n. List the prime factors of n.
2, 3, 7, 23, 47
Suppose -a + 54191 = 5*l - 4*a, 2*a + 32514 = 3*l. What are the prime factors of l?
2, 5, 271
Let r = -198 - -46. Let m = r + 273. Let t = -94 + m. What are the prime factors of t?
3
Suppose 3*p + 2*n = -3*n + 195, 0 = -4*n. Suppose 54 = 7*q - p. What are the prime factors of q?
17
Let y(k) = k**3 + 21*k**2 - 15*k + 157. Let i be y(-22). Let w(m) = 22*m**2 - 6*m. What are the prime factors of w(i)?
2, 3, 5
Let t(g) = 326*g**2 - 1 + 5 - 295*g**2 - 12*g. List the prime factors of t(4).
2, 113
What are the prime factors of (-46*(-328)/(-64))/((-4)/32)?
2, 23, 41
Let u be -4207 - (15 + -6 + -2). Let j = 6082 + u. List the prime factors of j.
2, 467
Suppose -18*h - 3022906 + 11802523 = 213*h. What are the prime factors of h?
3, 41, 103
Let a = -13136 + 65948. What are the pr